95317709 prime?
True
Is 29386459 a prime number?
True
Is 1447021 prime?
False
Is 120546131 a composite number?
True
Is 20282351 composite?
False
Is 15067867 a prime number?
False
Is 28808357 a composite number?
False
Is 5575517 a composite number?
False
Is 90509179 a composite number?
True
Is 12184321 a prime number?
False
Is 104269 a prime number?
False
Is 16949993 a composite number?
False
Is 328572197 composite?
True
Is 15485383 composite?
False
Is 47191763 a composite number?
True
Is 13683727 prime?
True
Is 443877229 a composite number?
False
Is 103973887 composite?
True
Is 74482393 a composite number?
True
Is 3603029 a composite number?
True
Is 821083 a composite number?
True
Is 105574153 prime?
True
Is 720618229 a prime number?
False
Is 36349189 composite?
True
Is 4261483 a composite number?
False
Is 3705799 composite?
False
Is 317387333 a prime number?
True
Is 2455823 composite?
False
Is 26533813 a prime number?
True
Is 2319617 a composite number?
True
Is 604298899 a composite number?
False
Is 2323549 a prime number?
True
Is 505169239 a composite number?
False
Is 23471359 composite?
False
Is 118226513 composite?
False
Is 20898109 a prime number?
True
Is 28276847 a prime number?
True
Is 42899635 a composite number?
True
Is 39498349 composite?
True
Is 11165221 a prime number?
True
Is 4314169 a prime number?
True
Is 374753 prime?
True
Is 1800017 a composite number?
False
Is 1045371 prime?
False
Is 2504899 prime?
False
Is 3395162 prime?
False
Is 1542531 composite?
True
Is 18211619 prime?
True
Is 7126851 a prime number?
False
Is 4933087 a composite number?
False
Is 62209171 a composite number?
True
Is 150787043 a prime number?
False
Is 865933 a prime number?
True
Is 170261569 composite?
True
Is 103202579 prime?
False
Is 40124299 prime?
False
Is 5049403 a composite number?
False
Is 1716971 prime?
True
Is 66320747 a prime number?
False
Is 646563371 a prime number?
False
Is 1375849 a composite number?
True
Is 2335577 composite?
False
Is 13955593 a composite number?
False
Is 24687451 a composite number?
True
Is 23290037 composite?
False
Is 9608267 a prime number?
True
Is 349792994 composite?
True
Is 5445527 a composite number?
False
Is 141622669 a composite number?
False
Is 386760071 composite?
True
Is 2269237 prime?
True
Is 34495345 prime?
False
Is 1093177 composite?
False
Is 7500901 composite?
False
Is 115298713 a prime number?
True
Is 10199249 composite?
False
Is 2361851 prime?
True
Is 2735921 composite?
False
Is 276724463 composite?
True
Is 2331443 a prime number?
True
Is 130826327 prime?
False
Is 8089651 a composite number?
True
Is 87622741 a composite number?
False
Is 10509851 composite?
True
Is 79567727 a composite number?
False
Is 90078403 a composite number?
True
Is 111722855 prime?
False
Is 99279373 a prime number?
True
Is 5056697 composite?
False
Is 268249013 a composite number?
True
Is 280048627 a composite number?
True
Is 5590957 composite?
False
Is 1543097 a composite number?
True
Is 65553937 composite?
True
Is 168701699 composite?
False
Is 44226535 a composite number?
True
Is 150107 composite?
False
Is 292169777 a composite number?
True
Is 25019 composite?
True
Is 756683 composite?
False
Is 1064318 a composite number?
True
Is 20845457 a prime number?
False
Is 4784511 prime?
False
Is 7300274 a prime number?
False
Is 28637641 a prime number?
False
Is 551363 a composite number?
False
Is 74294707 a composite number?
False
Is 1915879 composite?
True
Is 467575711 a composite number?
True
Is 28605517 prime?
True
Is 7972243 prime?
False
Is 2331151 composite?
False
Is 165255809 a composite number?
True
Is 1939673 a prime number?
True
Is 2634607 composite?
False
Is 5794111 prime?
False
Is 66756523 a composite number?
False
Is 78418519 a prime number?
True
Is 54469 prime?
True
Is 70056703 prime?
True
Is 16978009 prime?
True
Is 35397967 prime?
False
Is 11243165 prime?
False
Is 72822221 prime?
True
Is 694867 prime?
True
Is 6082887 composite?
True
Is 135342995 composite?
True
Is 730409683 composite?
True
Is 7341757 prime?
False
Is 747713 prime?
True
Is 404623 composite?
True
Is 18994979 prime?
True
Is 7774501 composite?
True
Is 1167053 composite?
False
Is 60377023 prime?
False
Is 2020537 composite?
False
Is 1096910443 composite?
False
Is 4879261 composite?
False
Is 301496171 prime?
False
Is 5256929 a composite number?
False
Is 49305397 prime?
False
Is 3120217 composite?
False
Is 2659607 a prime number?
True
Is 5696849 prime?
True
Is 23522467 a prime number?
True
Is 522104071 a prime number?
False
Is 3584563 prime?
True
Is 5719499 prime?
True
Is 67790609 a composite number?
False
Is 444161 prime?
False
Is 4388347 a composite number?
True
Is 3078721 prime?
True
Is 293836397 prime?
False
Is 18877631 composite?
False
Is 141852083 a composite number?
False
Is 1962689 a prime number?
True
Is 23777431 composite?
False
Is 1767707 a prime number?
True
Is 1451807723 a prime number?
True
Is 45933221 a composite number?
False
Is 24402923 a composite number?
True
Is 301649143 a prime number?
False
Is 2383223 composite?
True
Is 20029871 a prime number?
True
Is 85417985 a prime number?
False
Is 234065666 a composite number?
True
Is 21006829 prime?
True
Is 824113405 prime?
False
Is 8055247 prime?
True
Is 112220599 a composite number?
True
Is 4004709 prime?
False
Is 260606833 a prime number?
True
Is 49510661 a composite number?
False
Is 3743797 composite?
False
Is 7490179 a prime number?
True
Is 395481551 prime?
False
Is 384557611 prime?
True
Is 47827121 a composite number?
False
Is 106240177 composite?
False
Is 14434814 prime?
False
Is 464069 prime?
True
Is 7244017 composite?
True
Is 261571 prime?
False
Is 13208863 a prime number?
False
Is 619559867 composite?
True
Is 14494477 a composite number?
False
Is 26322173 a prime number?
False
Is 1907071 prime?
True
Is 2400347 a prime number?
True
Is 7588558 composite?
True
Is 2098181 a composite number?
True
Is 3105941 prime?
True
Is 25319373 prime?
False
Is 1347479 a prime number?
False
Is 284757169 a prime number?
False
Is 819017 composite?
False
Is 5670139 a composite number?
True
Is 838183 prime?
False
Is 14175593 prime?
True
Is 923017 a prime number?
True
Is 6347434 a prime number?
False
Is 1060297 a composite number?
True
Is 234919 a composite number?
True
Is 37712867 a composite number?
False
Is 117509 a prime number?
False
Is 1086703 a composite number?
False
Is 182601541 composite?
False
Is 10653787 composite?
False
Is 28880827 a prime number?
True
Is 597209 composite?
False
Is 500381 prime?
False
Is 72493 prime?
True
Is 12600701 composite?
False
Is 404863421 a prime number?
True
Is 18622817 a composite number?
False
Is 65151017 composite?
False
Is 173672987 prime?
True
Is 10603039 composite?
True
Is 148839241 prime?
False
Is 1032949 a prime number?
True
Is 996689 composite?
False
Is 113004481 prime?
True
Is 272653 a prime number?
False
Is 17560397 a composite number?
False
Is 1070197 a prime number?
True
Is 3272359 composite?
False
Is 840137 a prime number?
True
Is 37389679 a composite number?
False
Is 853 a composite number?
False
Is 4230377 a prime number?
True
Is 14930367 composite?
True
Is 748597 prime?
True
Is 138962267 a prime number?
False
Is 33066766 a composite number?
True
Is 103243823 prime?
True
Is 101957963 a composite number?
False
Is 4589779 a composite number?
True
Is 49987631 a composite number?
True
Is 26963789 a prime number?
True
Is 640033 a prime number?
False
Is 125498711 composite?
True
Is 437033 composite?
False
Is 5419229 a prime number?
False
Is 12453811 a prime number?
True
Is 86747993 a prime number?
False
Is 5259421 prime?
True
Is 2311651 a prime number?
True
Is 16330097 prime?
False
Is 98906101 prime?
False
Is 15895897 composite?
False
Is 43966562 a composite number?
True
Is 59443253 composite?
False
Is 9253957 composite?
False
Is 2529887 prime?
False
Is 56699831 a prime number?
True
Is 108767357 composite?
False
Is 62960839 a composite number?
False
Is 24010111 prime?
True
Is 496378177 a composite number?
False
Is 243571723 a composite number?
True
Is 4871527 composite?
False
Is 182999 composite?
False
Is 545665 a prime number?
False
Is 126767227 prime?
True
Is 163753 a prime number?
True
Is 531255037 a prime number?
True
Is 9725591 a prime number?
True
Is 41947237 a prim